[INFO] cloning repository https://github.com/AlterEigo/AE-Task-Manager
[INFO] running `Command { std: "git" "-c" "credential.helper=" "-c" "credential.helper=/workspace/cargo-home/bin/git-credential-null" "clone" "--bare" "https://github.com/AlterEigo/AE-Task-Manager" "/workspace/cache/git-repos/https%3A%2F%2Fgithub.com%2FAlterEigo%2FAE-Task-Manager", kill_on_drop: false }`
[INFO] [stderr] Cloning into bare repository '/workspace/cache/git-repos/https%3A%2F%2Fgithub.com%2FAlterEigo%2FAE-Task-Manager'...
[INFO] running `Command { std: "git" "rev-parse" "HEAD", kill_on_drop: false }`
[INFO] [stdout] 1c84f55a954c6bcd528ca72b7743aa845401ef1a
[INFO] checking AlterEigo/AE-Task-Manager against master#e6e4f7ed1589e03bc2f6c5931c1a72e7947e8682 for beta-170-4
[INFO] running `Command { std: "git" "clone" "/workspace/cache/git-repos/https%3A%2F%2Fgithub.com%2FAlterEigo%2FAE-Task-Manager" "/workspace/builds/worker-7-tc2/source", kill_on_drop: false }`
[INFO] [stderr] Cloning into '/workspace/builds/worker-7-tc2/source'...
[INFO] [stderr] done.
[INFO] validating manifest of git repo https://github.com/AlterEigo/AE-Task-Manager on toolchain e6e4f7ed1589e03bc2f6c5931c1a72e7947e8682
[INFO] running `Command { std: CARGO_HOME="/workspace/cargo-home" RUSTUP_HOME="/workspace/rustup-home" "/workspace/cargo-home/bin/cargo" "+e6e4f7ed1589e03bc2f6c5931c1a72e7947e8682" "metadata" "--manifest-path" "Cargo.toml" "--no-deps", kill_on_drop: false }`
[INFO] started tweaking git repo https://github.com/AlterEigo/AE-Task-Manager
[INFO] finished tweaking git repo https://github.com/AlterEigo/AE-Task-Manager
[INFO] tweaked toml for git repo https://github.com/AlterEigo/AE-Task-Manager written to /workspace/builds/worker-7-tc2/source/Cargo.toml
[INFO] running `Command { std: CARGO_HOME="/workspace/cargo-home" RUSTUP_HOME="/workspace/rustup-home" __CARGO_TEST_CHANNEL_OVERRIDE_DO_NOT_USE_THIS="nightly" "/workspace/cargo-home/bin/cargo" "+e6e4f7ed1589e03bc2f6c5931c1a72e7947e8682" "generate-lockfile" "--manifest-path" "Cargo.toml" "-Zno-index-update", kill_on_drop: false }`
[INFO] running `Command { std: CARGO_HOME="/workspace/cargo-home" RUSTUP_HOME="/workspace/rustup-home" "/workspace/cargo-home/bin/cargo" "+e6e4f7ed1589e03bc2f6c5931c1a72e7947e8682" "fetch" "--manifest-path" "Cargo.toml", kill_on_drop: false }`
[INFO] running `Command { std: "docker" "create" "-v" "/var/lib/crater-agent-workspace/builds/worker-7-tc2/target:/opt/rustwide/target:rw,Z" "-v" "/var/lib/crater-agent-workspace/builds/worker-7-tc2/source:/opt/rustwide/workdir:ro,Z" "-v" "/var/lib/crater-agent-workspace/cargo-home:/opt/rustwide/cargo-home:ro,Z" "-v" "/var/lib/crater-agent-workspace/rustup-home:/opt/rustwide/rustup-home:ro,Z" "-e" "SOURCE_DIR=/opt/rustwide/workdir" "-e" "CARGO_TARGET_DIR=/opt/rustwide/target" "-e" "CARGO_HOME=/opt/rustwide/cargo-home" "-e" "RUSTUP_HOME=/opt/rustwide/rustup-home" "-w" "/opt/rustwide/workdir" "-m" "1610612736" "--user" "0:0" "--network" "none" "ghcr.io/rust-lang/crates-build-env/linux@sha256:19e73879b68f455e41552ea35293514db52ea292d993f571636dbffedb77a1ee" "/opt/rustwide/cargo-home/bin/cargo" "+e6e4f7ed1589e03bc2f6c5931c1a72e7947e8682" "metadata" "--no-deps" "--format-version=1", kill_on_drop: false }`
[INFO] [stdout] 5af89276675a97cab5914574872662dcef42814d75f1b93c833a04931d2d61c6
[INFO] running `Command { std: "docker" "start" "-a" "5af89276675a97cab5914574872662dcef42814d75f1b93c833a04931d2d61c6", kill_on_drop: false }`
[INFO] running `Command { std: "docker" "inspect" "5af89276675a97cab5914574872662dcef42814d75f1b93c833a04931d2d61c6", kill_on_drop: false }`
[INFO] running `Command { std: "docker" "rm" "-f" "5af89276675a97cab5914574872662dcef42814d75f1b93c833a04931d2d61c6", kill_on_drop: false }`
[INFO] [stdout] 5af89276675a97cab5914574872662dcef42814d75f1b93c833a04931d2d61c6
[INFO] running `Command { std: "docker" "create" "-v" "/var/lib/crater-agent-workspace/builds/worker-7-tc2/target:/opt/rustwide/target:rw,Z" "-v" "/var/lib/crater-agent-workspace/builds/worker-7-tc2/source:/opt/rustwide/workdir:ro,Z" "-v" "/var/lib/crater-agent-workspace/cargo-home:/opt/rustwide/cargo-home:ro,Z" "-v" "/var/lib/crater-agent-workspace/rustup-home:/opt/rustwide/rustup-home:ro,Z" "-e" "SOURCE_DIR=/opt/rustwide/workdir" "-e" "CARGO_TARGET_DIR=/opt/rustwide/target" "-e" "CARGO_INCREMENTAL=0" "-e" "RUST_BACKTRACE=full" "-e" "RUSTFLAGS=--cap-lints=forbid" "-e" "RUSTDOCFLAGS=--cap-lints=forbid" "-e" "CARGO_HOME=/opt/rustwide/cargo-home" "-e" "RUSTUP_HOME=/opt/rustwide/rustup-home" "-w" "/opt/rustwide/workdir" "-m" "1610612736" "--user" "0:0" "--network" "none" "ghcr.io/rust-lang/crates-build-env/linux@sha256:19e73879b68f455e41552ea35293514db52ea292d993f571636dbffedb77a1ee" "/opt/rustwide/cargo-home/bin/cargo" "+e6e4f7ed1589e03bc2f6c5931c1a72e7947e8682" "check" "--frozen" "--all" "--all-targets" "--message-format=json", kill_on_drop: false }`
[INFO] [stdout] 22dcda9fa67d7b78c104774322084491d0b67fafcd8184bcf0e4583ba139c026
[INFO] running `Command { std: "docker" "start" "-a" "22dcda9fa67d7b78c104774322084491d0b67fafcd8184bcf0e4583ba139c026", kill_on_drop: false }`
[INFO] [stderr]    Compiling serde v1.0.163
[INFO] [stderr]    Compiling proc-macro2 v1.0.59
[INFO] [stderr]    Compiling pkg-config v0.3.27
[INFO] [stderr]    Compiling quote v1.0.28
[INFO] [stderr]    Compiling unicode-ident v1.0.9
[INFO] [stderr]    Compiling smallvec v1.10.0
[INFO] [stderr]    Compiling syn v1.0.109
[INFO] [stderr]    Compiling anyhow v1.0.71
[INFO] [stderr]    Compiling thiserror v1.0.40
[INFO] [stderr]    Compiling unicode-segmentation v1.10.1
[INFO] [stderr]    Compiling either v1.8.1
[INFO] [stderr]    Compiling cfg-expr v0.8.1
[INFO] [stderr]    Compiling strum v0.21.0
[INFO] [stderr]    Compiling itertools v0.10.5
[INFO] [stderr]    Compiling version-compare v0.0.11
[INFO] [stderr]    Compiling heck v0.3.3
[INFO] [stderr]    Compiling libc v0.2.144
[INFO] [stderr]    Compiling indexmap v1.9.3
[INFO] [stderr]    Compiling hashbrown v0.12.3
[INFO] [stderr]    Compiling winnow v0.4.6
[INFO] [stderr]    Compiling proc-macro-error-attr v1.0.4
[INFO] [stderr]    Compiling syn v2.0.18
[INFO] [stderr]    Compiling proc-macro-error v1.0.4
[INFO] [stderr]    Compiling target-lexicon v0.12.7
[INFO] [stderr]    Compiling futures-core v0.3.28
[INFO] [stderr]    Compiling slab v0.4.8
[INFO] [stderr]    Compiling futures-task v0.3.28
[INFO] [stderr]    Compiling once_cell v1.17.2
[INFO] [stderr]    Compiling heck v0.4.1
[INFO] [stderr]    Compiling futures-util v0.3.28
[INFO] [stderr]    Compiling cfg-expr v0.15.1
[INFO] [stderr]    Compiling futures-channel v0.3.28
[INFO] [stderr]    Compiling version-compare v0.1.1
[INFO] [stderr]    Compiling typenum v1.16.0
[INFO] [stderr]    Compiling semver v1.0.17
[INFO] [stderr]    Compiling generic-array v0.14.7
[INFO] [stderr]    Compiling cc v1.0.79
[INFO] [stderr]     Checking futures-io v0.3.28
[INFO] [stderr]    Compiling gio v0.14.8
[INFO] [stderr]     Checking getrandom v0.2.9
[INFO] [stderr]    Compiling rustc_version v0.4.0
[INFO] [stderr]    Compiling memoffset v0.8.0
[INFO] [stderr]    Compiling memchr v2.5.0
[INFO] [stderr]    Compiling toml v0.5.11
[INFO] [stderr]    Compiling serde_spanned v0.6.2
[INFO] [stderr]    Compiling toml_datetime v0.6.2
[INFO] [stderr]    Compiling toml_edit v0.19.10
[INFO] [stderr]    Compiling field-offset v0.3.5
[INFO] [stderr]     Checking rand_core v0.6.4
[INFO] [stderr]     Checking ppv-lite86 v0.2.17
[INFO] [stderr]    Compiling sqlite3-src v0.4.0
[INFO] [stderr]     Checking rand_chacha v0.3.1
[INFO] [stderr]    Compiling gtk v0.14.3
[INFO] [stderr]    Compiling gio v0.17.9
[INFO] [stderr]     Checking crypto-common v0.1.6
[INFO] [stderr]     Checking block-buffer v0.10.4
[INFO] [stderr]     Checking rand v0.8.5
[INFO] [stderr]     Checking digest v0.10.7
[INFO] [stderr]     Checking sqlite3-sys v0.14.0
[INFO] [stderr]     Checking cpufeatures v0.2.7
[INFO] [stderr]    Compiling task-manager v0.1.0 (/opt/rustwide/workdir)
[INFO] [stderr]     Checking sqlite v0.30.4
[INFO] [stderr]     Checking sha2 v0.10.6
[INFO] [stderr]     Checking nanoid v0.4.0
[INFO] [stderr]    Compiling thiserror-impl v1.0.40
[INFO] [stderr]    Compiling proc-macro-crate v1.3.1
[INFO] [stderr]    Compiling toml v0.7.4
[INFO] [stderr]    Compiling futures-macro v0.3.28
[INFO] [stderr]    Compiling strum_macros v0.21.1
[INFO] [stderr]    Compiling system-deps v6.1.0
[INFO] [stderr]    Compiling glib-macros v0.14.1
[INFO] [stderr]    Compiling glib-macros v0.17.9
[INFO] [stderr]    Compiling gtk3-macros v0.14.0
[INFO] [stderr]    Compiling glib-sys v0.17.4
[INFO] [stderr]    Compiling gobject-sys v0.17.4
[INFO] [stderr]    Compiling gio-sys v0.17.4
[INFO] [stderr]    Compiling system-deps v3.2.0
[INFO] [stderr]    Compiling glib-sys v0.14.0
[INFO] [stderr]    Compiling gobject-sys v0.14.0
[INFO] [stderr]    Compiling gio-sys v0.14.0
[INFO] [stderr]    Compiling gdk-pixbuf-sys v0.14.0
[INFO] [stderr]    Compiling pango-sys v0.14.0
[INFO] [stderr]    Compiling cairo-sys-rs v0.14.9
[INFO] [stderr]    Compiling atk-sys v0.14.0
[INFO] [stderr]    Compiling gdk-sys v0.14.0
[INFO] [stderr]    Compiling gtk-sys v0.14.0
[INFO] [stderr]     Checking futures-executor v0.3.28
[INFO] [stderr]     Checking glib v0.14.8
[INFO] [stderr]     Checking glib v0.17.9
[INFO] [stderr]     Checking pango v0.14.8
[INFO] [stderr]     Checking cairo-rs v0.14.9
[INFO] [stderr]     Checking atk v0.14.0
[INFO] [stderr]     Checking gdk-pixbuf v0.14.0
[INFO] [stderr]     Checking gdk v0.14.3
[INFO] [stdout] error: couldn't read src/app/../../resources/resources.gresource: No such file or directory (os error 2)
[INFO] [stdout]   --> src/app/mod.rs:99:21
[INFO] [stdout]    |
[INFO] [stdout] 99 |         let bytes = include_bytes!("../../resources/resources.gresource");
[INFO] [stdout]    |                     ^^^^^^^^^^^^^^^^^^^^^^^^^^^^^^^^^^^^^^^^^^^^^^^^^^^^^
[INFO] [stdout]    |
[INFO] [stdout]    = note: this error originates in the macro `include_bytes` (in Nightly builds, run with -Z macro-backtrace for more info)
[INFO] [stdout] 
[INFO] [stdout] 
[INFO] [stdout] error: couldn't read src/app/../../resources/resources.gresource: No such file or directory (os error 2)
[INFO] [stdout]   --> src/app/mod.rs:99:21
[INFO] [stdout]    |
[INFO] [stdout] 99 |         let bytes = include_bytes!("../../resources/resources.gresource");
[INFO] [stdout]    |                     ^^^^^^^^^^^^^^^^^^^^^^^^^^^^^^^^^^^^^^^^^^^^^^^^^^^^^
[INFO] [stdout]    |
[INFO] [stdout]    = note: this error originates in the macro `include_bytes` (in Nightly builds, run with -Z macro-backtrace for more info)
[INFO] [stdout] 
[INFO] [stdout] 
[INFO] [stdout] warning: unused import: `forms::*`
[INFO] [stdout]   --> src/app/mod.rs:17:5
[INFO] [stdout]    |
[INFO] [stdout] 17 | use forms::*;
[INFO] [stdout]    |     ^^^^^^^^
[INFO] [stdout]    |
[INFO] [stdout]    = note: `#[warn(unused_imports)]` on by default
[INFO] [stdout] 
[INFO] [stdout] 
[INFO] [stdout] warning: unused import: `models::*`
[INFO] [stdout]   --> src/app/mod.rs:18:5
[INFO] [stdout]    |
[INFO] [stdout] 18 | use models::*;
[INFO] [stdout]    |     ^^^^^^^^^
[INFO] [stdout] 
[INFO] [stdout] 
[INFO] [stdout] warning: unused import: `forms::*`
[INFO] [stdout]   --> src/app/mod.rs:17:5
[INFO] [stdout]    |
[INFO] [stdout] 17 | use forms::*;
[INFO] [stdout]    |     ^^^^^^^^
[INFO] [stdout]    |
[INFO] [stdout]    = note: `#[warn(unused_imports)]` on by default
[INFO] [stdout] 
[INFO] [stdout] 
[INFO] [stdout] warning: unused import: `models::*`
[INFO] [stdout]   --> src/app/mod.rs:18:5
[INFO] [stdout]    |
[INFO] [stdout] 18 | use models::*;
[INFO] [stdout]    |     ^^^^^^^^^
[INFO] [stdout] 
[INFO] [stdout] 
[INFO] [stdout] error[E0599]: no method named `bind_by_name` found for struct `Statement` in the current scope
[INFO] [stdout]   --> src/app/services/user.rs:39:18
[INFO] [stdout]    |
[INFO] [stdout] 39 |             stmt.bind_by_name(":uid", uid.as_str())
[INFO] [stdout]    |                  ^^^^^^^^^^^^ method not found in `Statement<'_>`
[INFO] [stdout] 
[INFO] [stdout] 
[INFO] [stdout] error[E0599]: no method named `bind_by_name` found for struct `Statement` in the current scope
[INFO] [stdout]   --> src/app/services/user.rs:39:18
[INFO] [stdout]    |
[INFO] [stdout] 39 |             stmt.bind_by_name(":uid", uid.as_str())
[INFO] [stdout]    |                  ^^^^^^^^^^^^ method not found in `Statement<'_>`
[INFO] [stdout] 
[INFO] [stdout] 
[INFO] [stdout] error[E0599]: no method named `bind_by_name` found for struct `Statement` in the current scope
[INFO] [stdout]   --> src/app/services/user.rs:61:18
[INFO] [stdout]    |
[INFO] [stdout] 61 |             stmt.bind_by_name(":salt", salt.as_str())
[INFO] [stdout]    |                  ^^^^^^^^^^^^ method not found in `Statement<'_>`
[INFO] [stdout] 
[INFO] [stdout] 
[INFO] [stdout] error[E0599]: no method named `bind_by_name` found for struct `Statement` in the current scope
[INFO] [stdout]   --> src/app/services/user.rs:61:18
[INFO] [stdout]    |
[INFO] [stdout] 61 |             stmt.bind_by_name(":salt", salt.as_str())
[INFO] [stdout]    |                  ^^^^^^^^^^^^ method not found in `Statement<'_>`
[INFO] [stdout] 
[INFO] [stdout] 
[INFO] [stdout] error[E0599]: no method named `bind_by_name` found for struct `Statement` in the current scope
[INFO] [stdout]   --> src/app/services/user.rs:90:18
[INFO] [stdout]    |
[INFO] [stdout] 90 |             stmt.bind_by_name(pair.0, &pair.1)?;
[INFO] [stdout]    |                  ^^^^^^^^^^^^ method not found in `Statement<'_>`
[INFO] [stdout] 
[INFO] [stdout] 
[INFO] [stdout] error[E0599]: no method named `bind_by_name` found for struct `Statement` in the current scope
[INFO] [stdout]   --> src/app/services/user.rs:90:18
[INFO] [stdout]    |
[INFO] [stdout] 90 |             stmt.bind_by_name(pair.0, &pair.1)?;
[INFO] [stdout]    |                  ^^^^^^^^^^^^ method not found in `Statement<'_>`
[INFO] [stdout] 
[INFO] [stdout] 
[INFO] [stdout] error[E0599]: no method named `bind_by_name` found for struct `Statement` in the current scope
[INFO] [stdout]    --> src/app/services/user.rs:103:14
[INFO] [stdout]     |
[INFO] [stdout] 103 |         stmt.bind_by_name(":uname", &sqlite::Value::String(u))?;
[INFO] [stdout]     |              ^^^^^^^^^^^^ method not found in `Statement<'_>`
[INFO] [stdout] 
[INFO] [stdout] 
[INFO] [stdout] error[E0107]: method takes 2 generic arguments but 1 generic argument was supplied
[INFO] [stdout]    --> src/app/services/user.rs:108:18
[INFO] [stdout]     |
[INFO] [stdout] 108 |             stmt.read::<String>(0)?,
[INFO] [stdout]     |                  ^^^^   ------ supplied 1 generic argument
[INFO] [stdout]     |                  |
[INFO] [stdout]     |                  expected 2 generic arguments
[INFO] [stdout]     |
[INFO] [stdout] note: method defined here, with 2 generic parameters: `T`, `U`
[INFO] [stdout]    --> /opt/rustwide/cargo-home/registry/src/index.crates.io-6f17d22bba15001f/sqlite-0.30.4/src/statement.rs:249:12
[INFO] [stdout]     |
[INFO] [stdout] 249 |     pub fn read<T, U>(&self, index: U) -> Result<T>
[INFO] [stdout]     |            ^^^^ -  -
[INFO] [stdout] help: add missing generic argument
[INFO] [stdout]     |
[INFO] [stdout] 108 |             stmt.read::<String, U>(0)?,
[INFO] [stdout]     |                               +++
[INFO] [stdout] 
[INFO] [stdout] 
[INFO] [stdout] error[E0107]: method takes 2 generic arguments but 1 generic argument was supplied
[INFO] [stdout]    --> src/app/services/user.rs:109:18
[INFO] [stdout]     |
[INFO] [stdout] 109 |             stmt.read::<String>(1)?,
[INFO] [stdout]     |                  ^^^^   ------ supplied 1 generic argument
[INFO] [stdout]     |                  |
[INFO] [stdout]     |                  expected 2 generic arguments
[INFO] [stdout]     |
[INFO] [stdout] note: method defined here, with 2 generic parameters: `T`, `U`
[INFO] [stdout]    --> /opt/rustwide/cargo-home/registry/src/index.crates.io-6f17d22bba15001f/sqlite-0.30.4/src/statement.rs:249:12
[INFO] [stdout]     |
[INFO] [stdout] 249 |     pub fn read<T, U>(&self, index: U) -> Result<T>
[INFO] [stdout]     |            ^^^^ -  -
[INFO] [stdout] help: add missing generic argument
[INFO] [stdout]     |
[INFO] [stdout] 109 |             stmt.read::<String, U>(1)?,
[INFO] [stdout]     |                               +++
[INFO] [stdout] 
[INFO] [stdout] 
[INFO] [stdout] error[E0107]: method takes 2 generic arguments but 1 generic argument was supplied
[INFO] [stdout]    --> src/app/services/user.rs:110:18
[INFO] [stdout]     |
[INFO] [stdout] 110 |             stmt.read::<String>(2)?,
[INFO] [stdout]     |                  ^^^^   ------ supplied 1 generic argument
[INFO] [stdout]     |                  |
[INFO] [stdout]     |                  expected 2 generic arguments
[INFO] [stdout]     |
[INFO] [stdout] note: method defined here, with 2 generic parameters: `T`, `U`
[INFO] [stdout]    --> /opt/rustwide/cargo-home/registry/src/index.crates.io-6f17d22bba15001f/sqlite-0.30.4/src/statement.rs:249:12
[INFO] [stdout]     |
[INFO] [stdout] 249 |     pub fn read<T, U>(&self, index: U) -> Result<T>
[INFO] [stdout]     |            ^^^^ -  -
[INFO] [stdout] help: add missing generic argument
[INFO] [stdout]     |
[INFO] [stdout] 110 |             stmt.read::<String, U>(2)?,
[INFO] [stdout]     |                               +++
[INFO] [stdout] 
[INFO] [stdout] 
[INFO] [stdout] error[E0599]: no method named `bind_by_name` found for struct `Statement` in the current scope
[INFO] [stdout]    --> src/app/services/user.rs:103:14
[INFO] [stdout]     |
[INFO] [stdout] 103 |         stmt.bind_by_name(":uname", &sqlite::Value::String(u))?;
[INFO] [stdout]     |              ^^^^^^^^^^^^ method not found in `Statement<'_>`
[INFO] [stdout] 
[INFO] [stdout] 
[INFO] [stdout] error[E0107]: method takes 2 generic arguments but 1 generic argument was supplied
[INFO] [stdout]    --> src/app/services/user.rs:108:18
[INFO] [stdout]     |
[INFO] [stdout] 108 |             stmt.read::<String>(0)?,
[INFO] [stdout]     |                  ^^^^   ------ supplied 1 generic argument
[INFO] [stdout]     |                  |
[INFO] [stdout]     |                  expected 2 generic arguments
[INFO] [stdout]     |
[INFO] [stdout] note: method defined here, with 2 generic parameters: `T`, `U`
[INFO] [stdout]    --> /opt/rustwide/cargo-home/registry/src/index.crates.io-6f17d22bba15001f/sqlite-0.30.4/src/statement.rs:249:12
[INFO] [stdout]     |
[INFO] [stdout] 249 |     pub fn read<T, U>(&self, index: U) -> Result<T>
[INFO] [stdout]     |            ^^^^ -  -
[INFO] [stdout] help: add missing generic argument
[INFO] [stdout]     |
[INFO] [stdout] 108 |             stmt.read::<String, U>(0)?,
[INFO] [stdout]     |                               +++
[INFO] [stdout] 
[INFO] [stdout] 
[INFO] [stdout] error[E0107]: method takes 2 generic arguments but 1 generic argument was supplied
[INFO] [stdout]    --> src/app/services/user.rs:109:18
[INFO] [stdout]     |
[INFO] [stdout] 109 |             stmt.read::<String>(1)?,
[INFO] [stdout]     |                  ^^^^   ------ supplied 1 generic argument
[INFO] [stdout]     |                  |
[INFO] [stdout]     |                  expected 2 generic arguments
[INFO] [stdout]     |
[INFO] [stdout] note: method defined here, with 2 generic parameters: `T`, `U`
[INFO] [stdout]    --> /opt/rustwide/cargo-home/registry/src/index.crates.io-6f17d22bba15001f/sqlite-0.30.4/src/statement.rs:249:12
[INFO] [stdout]     |
[INFO] [stdout] 249 |     pub fn read<T, U>(&self, index: U) -> Result<T>
[INFO] [stdout]     |            ^^^^ -  -
[INFO] [stdout] help: add missing generic argument
[INFO] [stdout]     |
[INFO] [stdout] 109 |             stmt.read::<String, U>(1)?,
[INFO] [stdout]     |                               +++
[INFO] [stdout] 
[INFO] [stdout] 
[INFO] [stdout] error[E0107]: method takes 2 generic arguments but 1 generic argument was supplied
[INFO] [stdout]    --> src/app/services/user.rs:110:18
[INFO] [stdout]     |
[INFO] [stdout] 110 |             stmt.read::<String>(2)?,
[INFO] [stdout]     |                  ^^^^   ------ supplied 1 generic argument
[INFO] [stdout]     |                  |
[INFO] [stdout]     |                  expected 2 generic arguments
[INFO] [stdout]     |
[INFO] [stdout] note: method defined here, with 2 generic parameters: `T`, `U`
[INFO] [stdout]    --> /opt/rustwide/cargo-home/registry/src/index.crates.io-6f17d22bba15001f/sqlite-0.30.4/src/statement.rs:249:12
[INFO] [stdout]     |
[INFO] [stdout] 249 |     pub fn read<T, U>(&self, index: U) -> Result<T>
[INFO] [stdout]     |            ^^^^ -  -
[INFO] [stdout] help: add missing generic argument
[INFO] [stdout]     |
[INFO] [stdout] 110 |             stmt.read::<String, U>(2)?,
[INFO] [stdout]     |                               +++
[INFO] [stdout] 
[INFO] [stdout] 
[INFO] [stdout] error[E0599]: no method named `bind_by_name` found for struct `Statement` in the current scope
[INFO] [stdout]    --> src/app/services/user.rs:128:14
[INFO] [stdout]     |
[INFO] [stdout] 128 |         stmt.bind_by_name(":uid", &sqlite::Value::String(id))?;
[INFO] [stdout]     |              ^^^^^^^^^^^^ method not found in `Statement<'_>`
[INFO] [stdout] 
[INFO] [stdout] 
[INFO] [stdout] error[E0107]: method takes 2 generic arguments but 1 generic argument was supplied
[INFO] [stdout]    --> src/app/services/user.rs:133:22
[INFO] [stdout]     |
[INFO] [stdout] 133 |             id: stmt.read::<String>(0)?,
[INFO] [stdout]     |                      ^^^^   ------ supplied 1 generic argument
[INFO] [stdout]     |                      |
[INFO] [stdout]     |                      expected 2 generic arguments
[INFO] [stdout]     |
[INFO] [stdout] note: method defined here, with 2 generic parameters: `T`, `U`
[INFO] [stdout]    --> /opt/rustwide/cargo-home/registry/src/index.crates.io-6f17d22bba15001f/sqlite-0.30.4/src/statement.rs:249:12
[INFO] [stdout]     |
[INFO] [stdout] 249 |     pub fn read<T, U>(&self, index: U) -> Result<T>
[INFO] [stdout]     |            ^^^^ -  -
[INFO] [stdout] help: add missing generic argument
[INFO] [stdout]     |
[INFO] [stdout] 133 |             id: stmt.read::<String, U>(0)?,
[INFO] [stdout]     |                                   +++
[INFO] [stdout] 
[INFO] [stdout] 
[INFO] [stdout] error[E0107]: method takes 2 generic arguments but 1 generic argument was supplied
[INFO] [stdout]    --> src/app/services/user.rs:134:30
[INFO] [stdout]     |
[INFO] [stdout] 134 |             first_name: stmt.read::<String>(1)?,
[INFO] [stdout]     |                              ^^^^   ------ supplied 1 generic argument
[INFO] [stdout]     |                              |
[INFO] [stdout]     |                              expected 2 generic arguments
[INFO] [stdout]     |
[INFO] [stdout] note: method defined here, with 2 generic parameters: `T`, `U`
[INFO] [stdout]    --> /opt/rustwide/cargo-home/registry/src/index.crates.io-6f17d22bba15001f/sqlite-0.30.4/src/statement.rs:249:12
[INFO] [stdout]     |
[INFO] [stdout] 249 |     pub fn read<T, U>(&self, index: U) -> Result<T>
[INFO] [stdout]     |            ^^^^ -  -
[INFO] [stdout] help: add missing generic argument
[INFO] [stdout]     |
[INFO] [stdout] 134 |             first_name: stmt.read::<String, U>(1)?,
[INFO] [stdout]     |                                           +++
[INFO] [stdout] 
[INFO] [stdout] 
[INFO] [stdout] error[E0107]: method takes 2 generic arguments but 1 generic argument was supplied
[INFO] [stdout]    --> src/app/services/user.rs:135:29
[INFO] [stdout]     |
[INFO] [stdout] 135 |             last_name: stmt.read::<String>(2)?,
[INFO] [stdout]     |                             ^^^^   ------ supplied 1 generic argument
[INFO] [stdout]     |                             |
[INFO] [stdout]     |                             expected 2 generic arguments
[INFO] [stdout]     |
[INFO] [stdout] note: method defined here, with 2 generic parameters: `T`, `U`
[INFO] [stdout]    --> /opt/rustwide/cargo-home/registry/src/index.crates.io-6f17d22bba15001f/sqlite-0.30.4/src/statement.rs:249:12
[INFO] [stdout]     |
[INFO] [stdout] 249 |     pub fn read<T, U>(&self, index: U) -> Result<T>
[INFO] [stdout]     |            ^^^^ -  -
[INFO] [stdout] help: add missing generic argument
[INFO] [stdout]     |
[INFO] [stdout] 135 |             last_name: stmt.read::<String, U>(2)?,
[INFO] [stdout]     |                                          +++
[INFO] [stdout] 
[INFO] [stdout] 
[INFO] [stdout] error[E0107]: method takes 2 generic arguments but 1 generic argument was supplied
[INFO] [stdout]    --> src/app/services/user.rs:136:25
[INFO] [stdout]     |
[INFO] [stdout] 136 |             email: stmt.read::<String>(3)?,
[INFO] [stdout]     |                         ^^^^   ------ supplied 1 generic argument
[INFO] [stdout]     |                         |
[INFO] [stdout]     |                         expected 2 generic arguments
[INFO] [stdout]     |
[INFO] [stdout] note: method defined here, with 2 generic parameters: `T`, `U`
[INFO] [stdout]    --> /opt/rustwide/cargo-home/registry/src/index.crates.io-6f17d22bba15001f/sqlite-0.30.4/src/statement.rs:249:12
[INFO] [stdout]     |
[INFO] [stdout] 249 |     pub fn read<T, U>(&self, index: U) -> Result<T>
[INFO] [stdout]     |            ^^^^ -  -
[INFO] [stdout] help: add missing generic argument
[INFO] [stdout]     |
[INFO] [stdout] 136 |             email: stmt.read::<String, U>(3)?,
[INFO] [stdout]     |                                      +++
[INFO] [stdout] 
[INFO] [stdout] 
[INFO] [stdout] error[E0107]: method takes 2 generic arguments but 1 generic argument was supplied
[INFO] [stdout]    --> src/app/services/user.rs:137:28
[INFO] [stdout]     |
[INFO] [stdout] 137 |             username: stmt.read::<String>(4)?,
[INFO] [stdout]     |                            ^^^^   ------ supplied 1 generic argument
[INFO] [stdout]     |                            |
[INFO] [stdout]     |                            expected 2 generic arguments
[INFO] [stdout]     |
[INFO] [stdout] note: method defined here, with 2 generic parameters: `T`, `U`
[INFO] [stdout]    --> /opt/rustwide/cargo-home/registry/src/index.crates.io-6f17d22bba15001f/sqlite-0.30.4/src/statement.rs:249:12
[INFO] [stdout]     |
[INFO] [stdout] 249 |     pub fn read<T, U>(&self, index: U) -> Result<T>
[INFO] [stdout]     |            ^^^^ -  -
[INFO] [stdout] help: add missing generic argument
[INFO] [stdout]     |
[INFO] [stdout] 137 |             username: stmt.read::<String, U>(4)?,
[INFO] [stdout]     |                                         +++
[INFO] [stdout] 
[INFO] [stdout] 
[INFO] [stdout] error[E0107]: method takes 2 generic arguments but 1 generic argument was supplied
[INFO] [stdout]    --> src/app/services/user.rs:138:28
[INFO] [stdout]     |
[INFO] [stdout] 138 |             password: stmt.read::<String>(5)?,
[INFO] [stdout]     |                            ^^^^   ------ supplied 1 generic argument
[INFO] [stdout]     |                            |
[INFO] [stdout]     |                            expected 2 generic arguments
[INFO] [stdout]     |
[INFO] [stdout] note: method defined here, with 2 generic parameters: `T`, `U`
[INFO] [stdout]    --> /opt/rustwide/cargo-home/registry/src/index.crates.io-6f17d22bba15001f/sqlite-0.30.4/src/statement.rs:249:12
[INFO] [stdout]     |
[INFO] [stdout] 249 |     pub fn read<T, U>(&self, index: U) -> Result<T>
[INFO] [stdout]     |            ^^^^ -  -
[INFO] [stdout] help: add missing generic argument
[INFO] [stdout]     |
[INFO] [stdout] 138 |             password: stmt.read::<String, U>(5)?,
[INFO] [stdout]     |                                         +++
[INFO] [stdout] 
[INFO] [stdout] 
[INFO] [stdout] error[E0107]: method takes 2 generic arguments but 1 generic argument was supplied
[INFO] [stdout]    --> src/app/services/user.rs:139:24
[INFO] [stdout]     |
[INFO] [stdout] 139 |             salt: stmt.read::<String>(6)?,
[INFO] [stdout]     |                        ^^^^   ------ supplied 1 generic argument
[INFO] [stdout]     |                        |
[INFO] [stdout]     |                        expected 2 generic arguments
[INFO] [stdout]     |
[INFO] [stdout] note: method defined here, with 2 generic parameters: `T`, `U`
[INFO] [stdout]    --> /opt/rustwide/cargo-home/registry/src/index.crates.io-6f17d22bba15001f/sqlite-0.30.4/src/statement.rs:249:12
[INFO] [stdout]     |
[INFO] [stdout] 249 |     pub fn read<T, U>(&self, index: U) -> Result<T>
[INFO] [stdout]     |            ^^^^ -  -
[INFO] [stdout] help: add missing generic argument
[INFO] [stdout]     |
[INFO] [stdout] 139 |             salt: stmt.read::<String, U>(6)?,
[INFO] [stdout]     |                                     +++
[INFO] [stdout] 
[INFO] [stdout] 
[INFO] [stdout] error[E0599]: the method `connect_activate` exists for struct `Application`, but its trait bounds were not satisfied
[INFO] [stdout]   --> src/app/mod.rs:91:22
[INFO] [stdout]    |
[INFO] [stdout] 91 |           self.gtk_app.connect_activate(move |app| {
[INFO] [stdout]    |           -------------^^^^^^^^^^^^^^^^ method cannot be called on `Application` due to unsatisfied trait bounds
[INFO] [stdout]    |
[INFO] [stdout]   ::: /opt/rustwide/cargo-home/registry/src/index.crates.io-6f17d22bba15001f/gtk-0.14.3/src/auto/application.rs:18:1
[INFO] [stdout]    |
[INFO] [stdout] 18 | / glib::wrapper! {
[INFO] [stdout] 19 | |     #[doc(alias = "GtkApplication")]
[INFO] [stdout] 20 | |     pub struct Application(Object<ffi::GtkApplication, ffi::GtkApplicationClass>) @extends gio::Application, @implements gio::ActionGroup...
[INFO] [stdout] 21 | |
[INFO] [stdout] ...  |
[INFO] [stdout] 24 | |     }
[INFO] [stdout] 25 | | }
[INFO] [stdout]    | | -
[INFO] [stdout]    | | |
[INFO] [stdout]    | | doesn't satisfy `_: IsA<Window>`
[INFO] [stdout]    | | doesn't satisfy `gtk::Application: gio::prelude::ApplicationExt`
[INFO] [stdout]    | | doesn't satisfy `gtk::Application: glib::IsA<gio::Application>`
[INFO] [stdout]    | | doesn't satisfy `gtk::Application: gtk::prelude::AtkWindowExt`
[INFO] [stdout]    | | doesn't satisfy `gtk::Application: gtk::prelude::ButtonExt`
[INFO] [stdout]    | | doesn't satisfy `gtk::Application: gtk::prelude::EntryExt`
[INFO] [stdout]    | | doesn't satisfy `gtk::Application: gtk::prelude::ExpanderExt`
[INFO] [stdout]    | | doesn't satisfy `gtk::Application: gtk::prelude::FlowBoxChildExt`
[INFO] [stdout]    | | doesn't satisfy `gtk::Application: gtk::prelude::GtkMenuItemExt`
[INFO] [stdout]    | | doesn't satisfy `gtk::Application: gtk::prelude::IsA<Expander>`
[INFO] [stdout]    | | doesn't satisfy `gtk::Application: gtk::prelude::IsA<FlowBoxChild>`
[INFO] [stdout]    | | doesn't satisfy `gtk::Application: gtk::prelude::IsA<ListBoxRow>`
[INFO] [stdout]    | | doesn't satisfy `gtk::Application: gtk::prelude::IsA<Switch>`
[INFO] [stdout]    | | doesn't satisfy `gtk::Application: gtk::prelude::IsA<gtk::Button>`
[INFO] [stdout]    | | doesn't satisfy `gtk::Application: gtk::prelude::IsA<gtk::Entry>`
[INFO] [stdout]    | | doesn't satisfy `gtk::Application: gtk::prelude::IsA<gtk::MenuItem>`
[INFO] [stdout]    | |_doesn't satisfy `gtk::Application: gtk::prelude::ListBoxRowExt`
[INFO] [stdout]    |   doesn't satisfy `gtk::Application: gtk::prelude::SwitchExt`
[INFO] [stdout]    |
[INFO] [stdout]    = note: the following trait bounds were not satisfied:
[INFO] [stdout]            `gtk::Application: glib::IsA<gio::Application>`
[INFO] [stdout]            which is required by `gtk::Application: gio::prelude::ApplicationExt`
[INFO] [stdout]            `gtk::Application: gtk::prelude::IsA<gtk::atk::Window>`
[INFO] [stdout]            which is required by `gtk::Application: gtk::prelude::AtkWindowExt`
[INFO] [stdout]            `gtk::Application: gtk::prelude::IsA<gtk::Button>`
[INFO] [stdout]            which is required by `gtk::Application: gtk::prelude::ButtonExt`
[INFO] [stdout]            `gtk::Application: gtk::prelude::IsA<gtk::Entry>`
[INFO] [stdout]            which is required by `gtk::Application: gtk::prelude::EntryExt`
[INFO] [stdout]            `gtk::Application: gtk::prelude::IsA<Expander>`
[INFO] [stdout]            which is required by `gtk::Application: gtk::prelude::ExpanderExt`
[INFO] [stdout]            `gtk::Application: gtk::prelude::IsA<FlowBoxChild>`
[INFO] [stdout]            which is required by `gtk::Application: gtk::prelude::FlowBoxChildExt`
[INFO] [stdout]            `gtk::Application: gtk::prelude::IsA<ListBoxRow>`
[INFO] [stdout]            which is required by `gtk::Application: gtk::prelude::ListBoxRowExt`
[INFO] [stdout]            `gtk::Application: gtk::prelude::IsA<gtk::MenuItem>`
[INFO] [stdout]            which is required by `gtk::Application: gtk::prelude::GtkMenuItemExt`
[INFO] [stdout]            `gtk::Application: gtk::prelude::IsA<Switch>`
[INFO] [stdout]            which is required by `gtk::Application: gtk::prelude::SwitchExt`
[INFO] [stdout]    = help: items from traits can only be used if the trait is in scope
[INFO] [stdout] help: the following trait is implemented but not in scope; perhaps add a `use` for it:
[INFO] [stdout]    |
[INFO] [stdout] 5  + use gtk::prelude::ApplicationExt;
[INFO] [stdout]    |
[INFO] [stdout] 
[INFO] [stdout] 
[INFO] [stdout] error[E0599]: the method `run` exists for struct `Application`, but its trait bounds were not satisfied
[INFO] [stdout]   --> src/app/mod.rs:95:22
[INFO] [stdout]    |
[INFO] [stdout] 95 |           self.gtk_app.run()
[INFO] [stdout]    |                        ^^^ method cannot be called on `Application` due to unsatisfied trait bounds
[INFO] [stdout]    |
[INFO] [stdout]   ::: /opt/rustwide/cargo-home/registry/src/index.crates.io-6f17d22bba15001f/gtk-0.14.3/src/auto/application.rs:18:1
[INFO] [stdout]    |
[INFO] [stdout] 18 | / glib::wrapper! {
[INFO] [stdout] 19 | |     #[doc(alias = "GtkApplication")]
[INFO] [stdout] 20 | |     pub struct Application(Object<ffi::GtkApplication, ffi::GtkApplicationClass>) @extends gio::Application, @implements gio::ActionGroup...
[INFO] [stdout] 21 | |
[INFO] [stdout] ...  |
[INFO] [stdout] 24 | |     }
[INFO] [stdout] 25 | | }
[INFO] [stdout]    | | -
[INFO] [stdout]    | | |
[INFO] [stdout]    | | doesn't satisfy `_: ApplicationExtManual`
[INFO] [stdout]    | | doesn't satisfy `_: IsA<PrintOperation>`
[INFO] [stdout]    | | doesn't satisfy `gtk::Application: glib::IsA<gio::Application>`
[INFO] [stdout]    | | doesn't satisfy `gtk::Application: gtk::prelude::DialogExt`
[INFO] [stdout]    | |_doesn't satisfy `gtk::Application: gtk::prelude::IsA<gtk::Dialog>`
[INFO] [stdout]    |   doesn't satisfy `gtk::Application: gtk::prelude::PrintOperationExt`
[INFO] [stdout]    |
[INFO] [stdout]    = note: the following trait bounds were not satisfied:
[INFO] [stdout]            `gtk::Application: glib::IsA<gio::Application>`
[INFO] [stdout]            which is required by `gtk::Application: gio::prelude::ApplicationExtManual`
[INFO] [stdout]            `gtk::Application: gtk::prelude::IsA<gtk::Dialog>`
[INFO] [stdout]            which is required by `gtk::Application: gtk::prelude::DialogExt`
[INFO] [stdout]            `gtk::Application: gtk::prelude::IsA<PrintOperation>`
[INFO] [stdout]            which is required by `gtk::Application: gtk::prelude::PrintOperationExt`
[INFO] [stdout]    = help: items from traits can only be used if the trait is in scope
[INFO] [stdout] help: the following trait is implemented but not in scope; perhaps add a `use` for it:
[INFO] [stdout]    |
[INFO] [stdout] 5  + use gtk::prelude::ApplicationExtManual;
[INFO] [stdout]    |
[INFO] [stdout] 
[INFO] [stdout] 
[INFO] [stdout] error[E0599]: no method named `bind_by_name` found for struct `Statement` in the current scope
[INFO] [stdout]    --> src/app/services/user.rs:128:14
[INFO] [stdout]     |
[INFO] [stdout] 128 |         stmt.bind_by_name(":uid", &sqlite::Value::String(id))?;
[INFO] [stdout]     |              ^^^^^^^^^^^^ method not found in `Statement<'_>`
[INFO] [stdout] 
[INFO] [stdout] 
[INFO] [stdout] error[E0107]: method takes 2 generic arguments but 1 generic argument was supplied
[INFO] [stdout]    --> src/app/services/user.rs:133:22
[INFO] [stdout]     |
[INFO] [stdout] 133 |             id: stmt.read::<String>(0)?,
[INFO] [stdout]     |                      ^^^^   ------ supplied 1 generic argument
[INFO] [stdout]     |                      |
[INFO] [stdout]     |                      expected 2 generic arguments
[INFO] [stdout]     |
[INFO] [stdout] note: method defined here, with 2 generic parameters: `T`, `U`
[INFO] [stdout]    --> /opt/rustwide/cargo-home/registry/src/index.crates.io-6f17d22bba15001f/sqlite-0.30.4/src/statement.rs:249:12
[INFO] [stdout]     |
[INFO] [stdout] 249 |     pub fn read<T, U>(&self, index: U) -> Result<T>
[INFO] [stdout]     |            ^^^^ -  -
[INFO] [stdout] help: add missing generic argument
[INFO] [stdout]     |
[INFO] [stdout] 133 |             id: stmt.read::<String, U>(0)?,
[INFO] [stdout]     |                                   +++
[INFO] [stdout] 
[INFO] [stdout] 
[INFO] [stdout] error[E0107]: method takes 2 generic arguments but 1 generic argument was supplied
[INFO] [stdout]    --> src/app/services/user.rs:134:30
[INFO] [stdout]     |
[INFO] [stdout] 134 |             first_name: stmt.read::<String>(1)?,
[INFO] [stdout]     |                              ^^^^   ------ supplied 1 generic argument
[INFO] [stdout]     |                              |
[INFO] [stdout]     |                              expected 2 generic arguments
[INFO] [stdout]     |
[INFO] [stdout] note: method defined here, with 2 generic parameters: `T`, `U`
[INFO] [stdout]    --> /opt/rustwide/cargo-home/registry/src/index.crates.io-6f17d22bba15001f/sqlite-0.30.4/src/statement.rs:249:12
[INFO] [stdout]     |
[INFO] [stdout] 249 |     pub fn read<T, U>(&self, index: U) -> Result<T>
[INFO] [stdout]     |            ^^^^ -  -
[INFO] [stdout] help: add missing generic argument
[INFO] [stdout]     |
[INFO] [stdout] 134 |             first_name: stmt.read::<String, U>(1)?,
[INFO] [stdout]     |                                           +++
[INFO] [stdout] 
[INFO] [stdout] 
[INFO] [stdout] warning: unused import: `gtk::prelude`
[INFO] [stdout]  --> src/main.rs:7:5
[INFO] [stdout]   |
[INFO] [stdout] 7 | use gtk::prelude::*;
[INFO] [stdout]   |     ^^^^^^^^^^^^
[INFO] [stdout] 
[INFO] [stdout] 
[INFO] [stdout] error[E0107]: method takes 2 generic arguments but 1 generic argument was supplied
[INFO] [stdout]    --> src/app/services/user.rs:135:29
[INFO] [stdout]     |
[INFO] [stdout] 135 |             last_name: stmt.read::<String>(2)?,
[INFO] [stdout]     |                             ^^^^   ------ supplied 1 generic argument
[INFO] [stdout]     |                             |
[INFO] [stdout]     |                             expected 2 generic arguments
[INFO] [stdout]     |
[INFO] [stdout] note: method defined here, with 2 generic parameters: `T`, `U`
[INFO] [stdout]    --> /opt/rustwide/cargo-home/registry/src/index.crates.io-6f17d22bba15001f/sqlite-0.30.4/src/statement.rs:249:12
[INFO] [stdout]     |
[INFO] [stdout] 249 |     pub fn read<T, U>(&self, index: U) -> Result<T>
[INFO] [stdout]     |            ^^^^ -  -
[INFO] [stdout] help: add missing generic argument
[INFO] [stdout]     |
[INFO] [stdout] 135 |             last_name: stmt.read::<String, U>(2)?,
[INFO] [stdout]     |                                          +++
[INFO] [stdout] 
[INFO] [stdout] 
[INFO] [stdout] warning: unused import: `crate::prelude`
[INFO] [stdout]  --> src/main.rs:6:5
[INFO] [stdout]   |
[INFO] [stdout] 6 | use crate::prelude::*;
[INFO] [stdout]   |     ^^^^^^^^^^^^^^
[INFO] [stdout] 
[INFO] [stdout] 
[INFO] [stdout] warning: unused import: `gio::prelude`
[INFO] [stdout]  --> src/app/mod.rs:5:5
[INFO] [stdout]   |
[INFO] [stdout] 5 | use gio::prelude::*;
[INFO] [stdout]   |     ^^^^^^^^^^^^
[INFO] [stdout] 
[INFO] [stdout] 
[INFO] [stdout] error[E0107]: method takes 2 generic arguments but 1 generic argument was supplied
[INFO] [stdout]    --> src/app/services/user.rs:136:25
[INFO] [stdout]     |
[INFO] [stdout] 136 |             email: stmt.read::<String>(3)?,
[INFO] [stdout]     |                         ^^^^   ------ supplied 1 generic argument
[INFO] [stdout]     |                         |
[INFO] [stdout]     |                         expected 2 generic arguments
[INFO] [stdout]     |
[INFO] [stdout] note: method defined here, with 2 generic parameters: `T`, `U`
[INFO] [stdout]    --> /opt/rustwide/cargo-home/registry/src/index.crates.io-6f17d22bba15001f/sqlite-0.30.4/src/statement.rs:249:12
[INFO] [stdout]     |
[INFO] [stdout] 249 |     pub fn read<T, U>(&self, index: U) -> Result<T>
[INFO] [stdout]     |            ^^^^ -  -
[INFO] [stdout] help: add missing generic argument
[INFO] [stdout]     |
[INFO] [stdout] 136 |             email: stmt.read::<String, U>(3)?,
[INFO] [stdout]     |                                      +++
[INFO] [stdout] 
[INFO] [stdout] 
[INFO] [stdout] error[E0107]: method takes 2 generic arguments but 1 generic argument was supplied
[INFO] [stdout]    --> src/app/services/user.rs:137:28
[INFO] [stdout]     |
[INFO] [stdout] 137 |             username: stmt.read::<String>(4)?,
[INFO] [stdout]     |                            ^^^^   ------ supplied 1 generic argument
[INFO] [stdout]     |                            |
[INFO] [stdout]     |                            expected 2 generic arguments
[INFO] [stdout]     |
[INFO] [stdout] note: method defined here, with 2 generic parameters: `T`, `U`
[INFO] [stdout]    --> /opt/rustwide/cargo-home/registry/src/index.crates.io-6f17d22bba15001f/sqlite-0.30.4/src/statement.rs:249:12
[INFO] [stdout]     |
[INFO] [stdout] 249 |     pub fn read<T, U>(&self, index: U) -> Result<T>
[INFO] [stdout]     |            ^^^^ -  -
[INFO] [stdout] help: add missing generic argument
[INFO] [stdout]     |
[INFO] [stdout] 137 |             username: stmt.read::<String, U>(4)?,
[INFO] [stdout]     |                                         +++
[INFO] [stdout] 
[INFO] [stdout] 
[INFO] [stdout] error[E0107]: method takes 2 generic arguments but 1 generic argument was supplied
[INFO] [stdout]    --> src/app/services/user.rs:138:28
[INFO] [stdout]     |
[INFO] [stdout] 138 |             password: stmt.read::<String>(5)?,
[INFO] [stdout]     |                            ^^^^   ------ supplied 1 generic argument
[INFO] [stdout]     |                            |
[INFO] [stdout]     |                            expected 2 generic arguments
[INFO] [stdout]     |
[INFO] [stdout] note: method defined here, with 2 generic parameters: `T`, `U`
[INFO] [stdout]    --> /opt/rustwide/cargo-home/registry/src/index.crates.io-6f17d22bba15001f/sqlite-0.30.4/src/statement.rs:249:12
[INFO] [stdout]     |
[INFO] [stdout] 249 |     pub fn read<T, U>(&self, index: U) -> Result<T>
[INFO] [stdout]     |            ^^^^ -  -
[INFO] [stdout] help: add missing generic argument
[INFO] [stdout]     |
[INFO] [stdout] 138 |             password: stmt.read::<String, U>(5)?,
[INFO] [stdout]     |                                         +++
[INFO] [stdout] 
[INFO] [stdout] 
[INFO] [stdout] error[E0107]: method takes 2 generic arguments but 1 generic argument was supplied
[INFO] [stdout]    --> src/app/services/user.rs:139:24
[INFO] [stdout]     |
[INFO] [stdout] 139 |             salt: stmt.read::<String>(6)?,
[INFO] [stdout]     |                        ^^^^   ------ supplied 1 generic argument
[INFO] [stdout]     |                        |
[INFO] [stdout]     |                        expected 2 generic arguments
[INFO] [stdout]     |
[INFO] [stdout] note: method defined here, with 2 generic parameters: `T`, `U`
[INFO] [stdout]    --> /opt/rustwide/cargo-home/registry/src/index.crates.io-6f17d22bba15001f/sqlite-0.30.4/src/statement.rs:249:12
[INFO] [stdout]     |
[INFO] [stdout] 249 |     pub fn read<T, U>(&self, index: U) -> Result<T>
[INFO] [stdout]     |            ^^^^ -  -
[INFO] [stdout] help: add missing generic argument
[INFO] [stdout]     |
[INFO] [stdout] 139 |             salt: stmt.read::<String, U>(6)?,
[INFO] [stdout]     |                                     +++
[INFO] [stdout] 
[INFO] [stdout] 
[INFO] [stdout] error: aborting due to 18 previous errors; 5 warnings emitted
[INFO] [stdout] 
[INFO] [stdout] 
[INFO] [stdout] Some errors have detailed explanations: E0107, E0599.
[INFO] [stdout] 
[INFO] [stdout] For more information about an error, try `rustc --explain E0107`.
[INFO] [stdout] 
[INFO] [stdout] error[E0599]: the method `connect_activate` exists for struct `Application`, but its trait bounds were not satisfied
[INFO] [stdout]   --> src/app/mod.rs:91:22
[INFO] [stdout]    |
[INFO] [stdout] 91 |           self.gtk_app.connect_activate(move |app| {
[INFO] [stdout]    |           -------------^^^^^^^^^^^^^^^^ method cannot be called on `Application` due to unsatisfied trait bounds
[INFO] [stdout]    |
[INFO] [stdout]   ::: /opt/rustwide/cargo-home/registry/src/index.crates.io-6f17d22bba15001f/gtk-0.14.3/src/auto/application.rs:18:1
[INFO] [stdout]    |
[INFO] [stdout] 18 | / glib::wrapper! {
[INFO] [stdout] 19 | |     #[doc(alias = "GtkApplication")]
[INFO] [stdout] 20 | |     pub struct Application(Object<ffi::GtkApplication, ffi::GtkApplicationClass>) @extends gio::Application, @implements gio::ActionGroup...
[INFO] [stdout] 21 | |
[INFO] [stdout] ...  |
[INFO] [stdout] 24 | |     }
[INFO] [stdout] 25 | | }
[INFO] [stdout]    | | -
[INFO] [stdout]    | | |
[INFO] [stdout]    | | doesn't satisfy `_: IsA<Window>`
[INFO] [stdout]    | | doesn't satisfy `gtk::Application: gio::prelude::ApplicationExt`
[INFO] [stdout]    | | doesn't satisfy `gtk::Application: glib::IsA<gio::Application>`
[INFO] [stdout]    | | doesn't satisfy `gtk::Application: gtk::prelude::AtkWindowExt`
[INFO] [stdout]    | | doesn't satisfy `gtk::Application: gtk::prelude::ButtonExt`
[INFO] [stdout]    | | doesn't satisfy `gtk::Application: gtk::prelude::EntryExt`
[INFO] [stdout]    | | doesn't satisfy `gtk::Application: gtk::prelude::ExpanderExt`
[INFO] [stdout]    | | doesn't satisfy `gtk::Application: gtk::prelude::FlowBoxChildExt`
[INFO] [stdout]    | | doesn't satisfy `gtk::Application: gtk::prelude::GtkMenuItemExt`
[INFO] [stdout]    | | doesn't satisfy `gtk::Application: gtk::prelude::IsA<Expander>`
[INFO] [stdout]    | | doesn't satisfy `gtk::Application: gtk::prelude::IsA<FlowBoxChild>`
[INFO] [stdout]    | | doesn't satisfy `gtk::Application: gtk::prelude::IsA<ListBoxRow>`
[INFO] [stdout]    | | doesn't satisfy `gtk::Application: gtk::prelude::IsA<Switch>`
[INFO] [stdout]    | | doesn't satisfy `gtk::Application: gtk::prelude::IsA<gtk::Button>`
[INFO] [stdout]    | | doesn't satisfy `gtk::Application: gtk::prelude::IsA<gtk::Entry>`
[INFO] [stdout]    | | doesn't satisfy `gtk::Application: gtk::prelude::IsA<gtk::MenuItem>`
[INFO] [stdout]    | |_doesn't satisfy `gtk::Application: gtk::prelude::ListBoxRowExt`
[INFO] [stdout]    |   doesn't satisfy `gtk::Application: gtk::prelude::SwitchExt`
[INFO] [stdout]    |
[INFO] [stdout]    = note: the following trait bounds were not satisfied:
[INFO] [stdout]            `gtk::Application: glib::IsA<gio::Application>`
[INFO] [stdout]            which is required by `gtk::Application: gio::prelude::ApplicationExt`
[INFO] [stdout]            `gtk::Application: gtk::prelude::IsA<gtk::atk::Window>`
[INFO] [stdout]            which is required by `gtk::Application: gtk::prelude::AtkWindowExt`
[INFO] [stdout]            `gtk::Application: gtk::prelude::IsA<gtk::Button>`
[INFO] [stdout]            which is required by `gtk::Application: gtk::prelude::ButtonExt`
[INFO] [stdout]            `gtk::Application: gtk::prelude::IsA<gtk::Entry>`
[INFO] [stdout]            which is required by `gtk::Application: gtk::prelude::EntryExt`
[INFO] [stdout]            `gtk::Application: gtk::prelude::IsA<Expander>`
[INFO] [stdout]            which is required by `gtk::Application: gtk::prelude::ExpanderExt`
[INFO] [stdout]            `gtk::Application: gtk::prelude::IsA<FlowBoxChild>`
[INFO] [stdout]            which is required by `gtk::Application: gtk::prelude::FlowBoxChildExt`
[INFO] [stdout]            `gtk::Application: gtk::prelude::IsA<ListBoxRow>`
[INFO] [stdout]            which is required by `gtk::Application: gtk::prelude::ListBoxRowExt`
[INFO] [stdout]            `gtk::Application: gtk::prelude::IsA<gtk::MenuItem>`
[INFO] [stdout]            which is required by `gtk::Application: gtk::prelude::GtkMenuItemExt`
[INFO] [stdout]            `gtk::Application: gtk::prelude::IsA<Switch>`
[INFO] [stdout]            which is required by `gtk::Application: gtk::prelude::SwitchExt`
[INFO] [stdout]    = help: items from traits can only be used if the trait is in scope
[INFO] [stdout] help: the following trait is implemented but not in scope; perhaps add a `use` for it:
[INFO] [stdout]    |
[INFO] [stdout] 5  + use gtk::prelude::ApplicationExt;
[INFO] [stdout]    |
[INFO] [stdout] 
[INFO] [stdout] 
[INFO] [stdout] error[E0599]: the method `run` exists for struct `Application`, but its trait bounds were not satisfied
[INFO] [stdout]   --> src/app/mod.rs:95:22
[INFO] [stdout]    |
[INFO] [stdout] 95 |           self.gtk_app.run()
[INFO] [stdout]    |                        ^^^ method cannot be called on `Application` due to unsatisfied trait bounds
[INFO] [stdout]    |
[INFO] [stdout]   ::: /opt/rustwide/cargo-home/registry/src/index.crates.io-6f17d22bba15001f/gtk-0.14.3/src/auto/application.rs:18:1
[INFO] [stdout]    |
[INFO] [stdout] 18 | / glib::wrapper! {
[INFO] [stdout] 19 | |     #[doc(alias = "GtkApplication")]
[INFO] [stdout] 20 | |     pub struct Application(Object<ffi::GtkApplication, ffi::GtkApplicationClass>) @extends gio::Application, @implements gio::ActionGroup...
[INFO] [stdout] 21 | |
[INFO] [stdout] ...  |
[INFO] [stdout] 24 | |     }
[INFO] [stdout] 25 | | }
[INFO] [stdout]    | | -
[INFO] [stdout]    | | |
[INFO] [stdout]    | | doesn't satisfy `_: ApplicationExtManual`
[INFO] [stdout]    | | doesn't satisfy `_: IsA<PrintOperation>`
[INFO] [stdout]    | | doesn't satisfy `gtk::Application: glib::IsA<gio::Application>`
[INFO] [stdout]    | | doesn't satisfy `gtk::Application: gtk::prelude::DialogExt`
[INFO] [stdout]    | |_doesn't satisfy `gtk::Application: gtk::prelude::IsA<gtk::Dialog>`
[INFO] [stdout]    |   doesn't satisfy `gtk::Application: gtk::prelude::PrintOperationExt`
[INFO] [stdout]    |
[INFO] [stdout]    = note: the following trait bounds were not satisfied:
[INFO] [stdout]            `gtk::Application: glib::IsA<gio::Application>`
[INFO] [stdout]            which is required by `gtk::Application: gio::prelude::ApplicationExtManual`
[INFO] [stdout]            `gtk::Application: gtk::prelude::IsA<gtk::Dialog>`
[INFO] [stdout]            which is required by `gtk::Application: gtk::prelude::DialogExt`
[INFO] [stdout]            `gtk::Application: gtk::prelude::IsA<PrintOperation>`
[INFO] [stdout]            which is required by `gtk::Application: gtk::prelude::PrintOperationExt`
[INFO] [stdout]    = help: items from traits can only be used if the trait is in scope
[INFO] [stdout] help: the following trait is implemented but not in scope; perhaps add a `use` for it:
[INFO] [stdout]    |
[INFO] [stdout] 5  + use gtk::prelude::ApplicationExtManual;
[INFO] [stdout]    |
[INFO] [stdout] 
[INFO] [stdout] 
[INFO] [stderr] error: could not compile `task-manager` (bin "task-manager") due to 19 previous errors; 5 warnings emitted
[INFO] [stderr] warning: build failed, waiting for other jobs to finish...
[INFO] [stdout] warning: unused import: `gtk::prelude`
[INFO] [stdout]  --> src/main.rs:7:5
[INFO] [stdout]   |
[INFO] [stdout] 7 | use gtk::prelude::*;
[INFO] [stdout]   |     ^^^^^^^^^^^^
[INFO] [stdout] 
[INFO] [stdout] 
[INFO] [stdout] warning: unused import: `crate::prelude`
[INFO] [stdout]  --> src/main.rs:6:5
[INFO] [stdout]   |
[INFO] [stdout] 6 | use crate::prelude::*;
[INFO] [stdout]   |     ^^^^^^^^^^^^^^
[INFO] [stdout] 
[INFO] [stdout] 
[INFO] [stdout] warning: unused import: `gio::prelude`
[INFO] [stdout]  --> src/app/mod.rs:5:5
[INFO] [stdout]   |
[INFO] [stdout] 5 | use gio::prelude::*;
[INFO] [stdout]   |     ^^^^^^^^^^^^
[INFO] [stdout] 
[INFO] [stdout] 
[INFO] [stdout] error: aborting due to 18 previous errors; 5 warnings emitted
[INFO] [stdout] 
[INFO] [stdout] 
[INFO] [stdout] Some errors have detailed explanations: E0107, E0599.
[INFO] [stdout] 
[INFO] [stdout] For more information about an error, try `rustc --explain E0107`.
[INFO] [stdout] 
[INFO] [stderr] error: could not compile `task-manager` (bin "task-manager" test) due to 19 previous errors; 5 warnings emitted
[INFO] running `Command { std: "docker" "inspect" "22dcda9fa67d7b78c104774322084491d0b67fafcd8184bcf0e4583ba139c026", kill_on_drop: false }`
[INFO] running `Command { std: "docker" "rm" "-f" "22dcda9fa67d7b78c104774322084491d0b67fafcd8184bcf0e4583ba139c026", kill_on_drop: false }`
[INFO] [stdout] 22dcda9fa67d7b78c104774322084491d0b67fafcd8184bcf0e4583ba139c026
